2 = l - 4*l. Suppose 2*v + 2*v = 2*j + l, -3*v - 3*j = -117. Is v prime?
True
Let k(z) = z**2 + 4*z - 7. Let h be k(-6). Suppose -1015 = h*t - 10*t. Is t prime?
False
Suppose -6 = 5*f + 34. Let k(z) = -3*z**2 + 29*z - 3. Let r(m) = -m**2 + 14*m - 1. Let c(n) = 2*k(n) - 5*r(n). Is c(f) a composite number?
False
Let b(a) = 7*a**3 + 2*a - 1. Is b(2) a prime number?
True
Suppose -3*t = -5*n + 91, t + n + 57 = -4*n. Let w = t + 56. Is w a prime number?
True
Let t = -2 + 9. Suppose 2*b = t*b - 310. Is b a composite number?
True
Suppose -5*q - 5 - 5 = 0. Let p(b) = -b**3 + 3*b**2 + 3*b + 1. Is p(q) a composite number?
True
Let i(s) = -4*s. Let h be i(2). Is 70/(-3 + (-3 - h)) a prime number?
False
Let n(d) be the first derivative of d**4/4 + 5*d**3/3 + 5*d**2/2 + 4*d + 2. Let f be n(-4). Let l(t) = t + 53. Is l(f) composite?
False
Let c = 1 + -4. Is 16/1 - c/1 a composite number?
False
Let g = 1113 - -146. Is g a composite number?
False
Let n(z) be the third derivative of -z**5/60 - 13*z**4/12 - 5*z**3/3 - z**2. Is n(-11) prime?
False
Let a(i) = 95*i - 24. Is a(10) a prime number?
False
Let r = -15 + 50. Is (r + 3)/2 - -3 a prime number?
False
Suppose u - 2393 + 480 = 0. Is u composite?
False
Suppose -5*w + 11486 = 2481. Is w a prime number?
True
Suppose -2624 = -4*u + 4*g, 4*g = 2*u - 0*u - 1314. Is u composite?
True
Let y(r) = 195*r - 2. Let d be y(1). Let l = 272 - d. Is l prime?
True
Let p(d) = -d**3 + d**2 + 24. Let q be p(0). Suppose 0*r + 2*r - 2*w = q, 3*w = -r + 8. Is r composite?
False
Is (0 - (2 - 3)) + 290 prime?
False
Let z = 93 - 10. Is z a composite number?
False
Let m = -74 + 136. Let i = m - -44. Is (i/(-8))/((-1)/4) prime?
True
Let c(w) = 17*w**2 - 5*w + 1. Is c(4) a composite number?
True
Suppose 7*y - 3*y = -3*z + 2140, -4*z = -2*y + 1070. Is y composite?
True
Suppose -3 = 4*x + 1. Let k be x/(-1 + (-2)/(-3)). Suppose 8*f - 110 = k*f. Is f a prime number?
False
Is 1*1*(-1 + 68) a composite number?
False
Suppose -2*f - 3*j + 19 = 0, 5*j - 21 = -2*f + 4. Suppose -2*o + f*n = -o + 13, -2*n + 1 = o. Is (o/3)/(1/(-11)) composite?
False
Is (-2)/10 - (-8310)/50 prime?
False
Suppose -2*x - 3*x + 5 = 0. Is x/(3/9) + 506 a composite number?
False
Let y(r) = -23*r + 10. Is y(-8) a prime number?
False
Let h(o) = 4*o**2 - 3*o. Is h(5) a prime number?
False
Let n(i) = -i**2 + 9*i + 5. Let x be n(9). Let t = x + -1. Is ((t - 2) + 60)/2 a composite number?
False
Let l = -14 + 11. Let x be 145 - (l + 0 + 1). Let h = 112 + x. Is h a prime number?
False
Let c(r) = -19*r + 2. Let v be c(-2). Suppose -57 - v = -s. Is s a composite number?
False
Suppose -s + 19 = -5*b - 19, -5*s + 2*b + 282 = 0. Suppose 0 = -x - 9 + 27. Suppose 4*a - x = s. Is a composite?
False
Let r be (-73)/(-1) - (-6)/(-2). Let i = r + -17. Is i a composite number?
False
Suppose 0 = 5*v + 2*m - 63, -4*v + 3*m = -2*m - 24. Is v composite?
False
Let h = -64 + 191. Is h a prime number?
True
Let u be ((-434)/4)/(-1)*2. Let z(p) = -p**3 + 5*p**2 + 9*p - 5. Let o be z(6). Suppose u = 5*g - o. Is g composite?
True
Let i(n) = -n**3 - n + 39. Let p be 2/(-4) + (-3)/(-6). Is i(p) a composite number?
True
Let c = 175 + -122. Is c a composite number?
False
Suppose 4*p + g + 9 = 0, 3*p + 3*g = -2*g + 6. Let s(u) = 4*u**2 - 5*u - 4. Is s(p) a composite number?
False
Let a = 902 - 615. Is a a prime number?
False
Suppose 0*i + 10 = 5*i. Suppose w + 3*w - 6 = -i*s, -21 = -4*s + w. Suppose 0 = -s*u + 862 + 1153. Is u a composite number?
True
Suppose -7457 = -4*c - 3*g, -c + 3729 = c + g. Is c prime?
False
Suppose 4*n - 19 = 1. Suppose 2*o + 3*o = -5*j + 10, -n*o = 3*j - 6. Suppose l + j = 57. Is l a prime number?
False
Suppose -2*q - 10 = 0, 5*a - 1650 = a - 2*q. Suppose -3*o - 2*o = -a. Is o prime?
True
Is -3 + 3 + (593 - -4) a prime number?
False
Let k(d) = -d**3 + 5*d**2 + 6*d + 3. Is k(6) composite?
False
Let j = -105 + 60. Let v be (-1)/2 - j/(-10). Let l(n) = -n + 2. Is l(v) a composite number?
False
Let n = 438 + -184. Is n composite?
True
Let i = 0 + 5. Suppose 139 = -i*g - 1. Let d = 41 + g. Is d prime?
True
Let u = -374 + 1348. Is u prime?
False
Suppose 3*t = 2*j + j + 126, j - 148 = -4*t. Is t composite?
True
Suppose -5*t - 196 = 4*b, 2*b + 0*t = -3*t - 100. Let c = -20 + -59. Let n = b - c. Is n prime?
False
Suppose 2*y + f + 2 = 3, -f = -1. Suppose y*z - 25 = -z. Suppose -5*c + z = -250. Is c prime?
False
Let z be 6/9 - (-770)/(-3). Let v = z - -441. Is v prime?
False
Suppose -9 = -2*l - l. Suppose l*y + 8 = 155. Is y composite?
True
Let z be 3 + (-2)/1 + -1. Suppose -3*w + 2*w + 119 = z. Is w a composite number?
True
Let w = -294 - -162. Let b = -53 - w. Is b a composite number?
False
Let u = 8 + -5. Let q = 3 - u. Suppose 4*b - 136 = -3*n - b, q = n - 5*b - 12. Is n composite?
False
Let l = 8301 - 5890. Is l a composite number?
False
Suppose -t + p = -0*t - 11, 4*p = -8. Let b = t - 0. Is b composite?
True
Let y(h) be the first derivative of -h**3/3 + 3*h**2 - 5*h - 2. Let s be y(4). Suppose -2*r - 2*j + 21 = -15, s*j = -r + 8. Is r prime?
True
Suppose -2*k + 110 = -h, -2*k + 3*h = -59 - 59. Is k a prime number?
True
Let c(m) = -m**3 + 7*m**2 - 6*m + 1. Let j be c(6). Let i(b) = b - 1. Let n be i(j). Suppose -6*d + 3*d + 357 = n. Is d prime?
False
Let u be 0/(-2) + -1 + 14. Let n = u - -18. Is n composite?
False
Suppose 3*z - 520 = -2*x + 91, 5*z - 5*x - 1010 = 0. Is z prime?
False
Let q = 1727 - 1171. Suppose 0*f + q = 4*f. Is f composite?
False
Suppose 0 = 3*u + u - 356. Let z = -31 + u. Suppose -25 = -a + z. Is a composite?
False
Is 2/(-8) + (-8715)/(-28) a composite number?
False
Let c = -4 - -6. Is (-2)/((-2)/382*c) a prime number?
True
Let h(f) = 39*f - 23. Is h(8) composite?
True
Let r(p) be the third derivative of -7*p**4/24 - p**3/3 + 4*p**2. Is r(-7) prime?
True
Suppose 9 = 5*h - 21. Let x be 14/h + (-4)/(-6). Is 14 + (1 + 2)/x prime?
False
Suppose 2*x - r - 3 = 0, 0 = -x - 3*x - 3*r + 11. Suppose -x*j + 110 = 5*l, 3*j = -l + 69 + 96. Is j prime?
False
Let p be ((-2)/3)/((-2)/939). Suppose -3*a + 4*r - 227 = -694, -r - p = -2*a. Is a composite?
False
Let r = -2774 - -5977. Is r prime?
True
Suppose -3*g = -371 - 544. Is g prime?
False
Suppose -7*g + 1221 = -10*g. Let u = -216 - g. Is u a composite number?
False
Is (-148)/1*(-4)/((-80)/(-65)) a composite number?
True
Let g = -13 + 33. Suppose 5*u = 2*z + 495, z = -3*z - g. Is u a composite number?
False
Let r(q) = -q**3 + 12*q**2 + 16*q - 14. Is r(13) a composite number?
True
Let d(z) = 23*z**2 + 10*z - 25. Is d(-8) a prime number?
True
Suppose -3*v = v - 380. Suppose -2*q + 0*j + j + v = 0, q - 50 = 3*j. Is q a prime number?
True
Let c = 692 - 358. Is c composite?
True
Suppose 0 = -a + 6 - 2. Suppose -x + 8 = s, 6*s - x = 5*s + a. Suppose 2*y - 132 = s. Is y a prime number?
False
Let z be -3*85/(-6)*10. Let i = z - 276. Is i composite?
False
Let w be 2 - 0 - 0/3. Let r be (2 - w)/((-2)/1). Suppose -4*j = 4*y - 176, r*j = 4*y - 2*j - 194. Is y a prime number?
True
Let l = -6 - -4. Let z(q) = -4*q**3 - 2*q + 1. Is z(l) prime?
True
Let t(g) = -48*g**3 + 9*g + 5. Let c(i) = -12*i**3 + 2*i + 1. Let x(b) = 9*c(b) - 2*t(b). Is x(-2) prime?
False
Suppose 2*q - 378 = 4*r, 4*q - 104 = 5*r + 649. Suppose -5*v = -5, 2*v + q = 5*f - 76. Is f a composite number?
False
Let d(z) = -z + 7. Let s be d(5). Suppose s*m + 3*l - 959 = -2*l, m - 5*l - 502 = 0. Is m a prime number?
True
Suppose 0*o + 12 = 2*o. Let b = o + 8. Let l = b - 1. Is l composite?
False
Let g be (-55)/(-15) - (-2)/(-3). Suppose g*z - 59 = 2*z. Is z a composite number?
False
Let m(b) = b**3 + 9*b**2 - 8*b - 7. Let z(n) = 2*n + 2*n**3 - n - 9 - 3*n**3. Let v be z(0). Is m(v) a composite number?
True
Let o be 1038/(-8) + 2/(-8). Is (-1382)/(-26) - (-20)/o composite?
False
Let v(y) = 273*y**3 + 3*y**2 - y - 1. Is v(1) a prime number?
False
Let g(k) = 7*k**2 + 4*k + 16. Is g(-3) prime?
True
Let l be (-8)/(-5) + 6/15. Suppose 71 - 19 = l*w. Suppose 0*c - 2 = -2*c + 2*x, c = -4*x + w. Is c a prime number?
False
Suppose 27 = 2*l + 4*q - 15, 4*l - 68 = -4*q. Is l a prime number?
True
Let s(x) = 19*x - 1. Let p(q) = q**3 - 9*q**2 - 9*q - 8. Let g be p(10). Is s(g) a prime number?
True
Suppose -j - 2*x = -0*j - 360, 3*x - 360 = -j. Let m = -199 + j. Is m a composite number?
True
L